= -2*p + 4, 4*x + p - 16 = 3*p. Let u be 17/2 - (-6)/x. What is the greatest common divisor of d and u?
10
Suppose 0*u + 4*u = 104. What is the highest common divisor of u and 208?
26
Suppose -2*t = -2*y + 45 + 45, 3*t = -3*y + 135. Let f = 27 - 9. Calculate the greatest common divisor of y and f.
9
Let v = -23 + 83. Let q = 278 - 272. What is the greatest common factor of q and v?
6
Suppose -n - 28 - 15 = -5*v, -3*n = 2*v + 163. Let m = -25 - n. What is the greatest common factor of m and 7?
7
Suppose z - 2*v - 24 = -z, 5*v + 52 = 4*z. Calculate the greatest common divisor of 8 and z.
8
Suppose 5*b = -3*n + 6, b = 5*b - 4*n - 24. Let z be (-4)/((-32)/30)*4. Calculate the highest common divisor of z and b.
3
Let l(z) = z**2 + 16*z + 14. Let t = 1 + -17. Let s be l(t). What is the highest common factor of 7 and s?
7
Let y be (24/(-40))/((-1)/10). Calculate the highest common factor of y and 96.
6
Let b = 74 + -51. Calculate the highest common factor of 207 and b.
23
Suppose 15*f = 21*f - 360. Let d be (2*-4)/(2/(-3)). Calculate the highest common divisor of f and d.
12
Suppose -52 = -5*i + 3. What is the greatest common factor of 11 and i?
11
Let p be -2*(-4)/(-24)*0. Suppose -12 = -p*v - 2*v. Calculate the greatest common factor of v and 18.
6
Let y(x) = 14*x**3 - 2*x**2 - x + 2. Suppose 0*z + z - 2 = 0. Let r be y(z). What is the highest common divisor of r and 13?
13
Suppose 3*v = 5*t + 38 + 159, 349 = 5*v + 2*t. Let c be v + -3*(-1)/3. What is the highest common divisor of c and 14?
14
Let f = -7 + 7. Suppose f = -d + 1 + 2. Calculate the highest common factor of d and 12.
3
Let f = 25 - 19. Calculate the greatest common factor of f and 3.
3
Suppose -4*c + 31 + 17 = 0. Suppose -5*x + 4*x = -c. What is the greatest common factor of 108 and x?
12
Let z(r) = r**2 + 12*r + 8. Let h be z(-8). Let s = -5 + 3. Let x be 2/(-3)*h + s. Calculate the greatest common factor of x and 42.
14
Suppose 0 = 4*i + i. Let p be i + (2/1 - -3). Let l = -3 + p. Calculate the highest common divisor of l and 16.
2
Suppose -4*k + 15 = 3. Suppose -5*p - 160 + 50 = -5*i, 0 = k*p - 15. What is the highest common divisor of 3 and i?
3
Suppose -2*o + 0*o - 303 = 5*x, -4*o - 179 = 3*x. Let c = x + 149. Let f be (48/9)/((-10)/(-15)). What is the greatest common factor of c and f?
8
Let x = -8 + 11. Let o be x - 3 - (0 + -32). What is the highest common factor of o and 8?
8
Suppose 1 + 3 = j. Let d(t) = 2*t + 16. Let m be d(-7). Calculate the greatest common divisor of j and m.
2
Suppose 0 = w + 3 - 2. Let r be (-3 - w)/(2/(-6)). Suppose 115 = 8*g - 3*g - y, -2*y + 130 = 5*g. Calculate the highest common divisor of g and r.
6
Let w be (-18)/(-99) + (-3921)/(-33). Calculate the highest common factor of 34 and w.
17
Suppose 4*c = x - 28, 2*c - 5*c + 9 = 3*x. Let b be 14/(((-9)/12)/(-3)). What is the highest common divisor of x and b?
8
Suppose -3*m + p = -38, m + 5*p - 18 = -0*m. Suppose 0 = 16*c - 12*c - 468. Calculate the highest common factor of m and c.
13
Let c = 131 + -41. Calculate the greatest common factor of c and 72.
18
Let h(f) = -f**3 - 3*f**2 + f - 1. Let n be h(-3). Let z be 87/2 - (-6)/n. What is the highest common factor of z and 6?
6
Let i be 5 + 0 + (2 - 2). Let a be (i - 0) + -2 - -2. Suppose 0 = a*t - 4*b - 18, 0*b + 2*b = 3*t - 10. Calculate the greatest common divisor of t and 2.
2
Let k(y) be the third derivative of y**6/40 + y**5/60 + y**4/24 - y**3/6 - y**2. Let u be k(1). Calculate the highest common factor of 16 and u.
4
Let r(z) = -z**2 + 11*z - 5. Let y be r(10). Let o(c) = c**3 - 6*c**2 + 5*c + 7. Let u be o(y). What is the greatest common divisor of u and 35?
7
Suppose -5*v - 5*b = -2*b - 60, -5*b = 3*v - 20. Let w be (2 - 1) + 60 + -1. What is the greatest common factor of w and v?
15
Let i be 0 + -10 + 1*2. Let w be (2 - 4)/4*i. Suppose -3*o - 1 = 2*h, -4*h = -0*h + 3*o - 7. What is the highest common factor of w and h?
4
Let n be 3/1*(-50)/(-3). Suppose 5*y - 85 = -4*d, -5*d + 2*y - 5*y = -103. What is the highest common divisor of d and n?
10
Let k be (-15)/(-2)*6/9. Let o be 9/(-6) - (0 + 5/(-2)). What is the greatest common divisor of k and o?
1
Let k be ((-121)/(-2))/11*16. Calculate the highest common factor of k and 11.
11
Let q = 105 - 69. Calculate the highest common divisor of 18 and q.
18
Let w be ((-10)/(-3) + -3)*0. Suppose -3*y + w*h = -h - 163, -5*y = 4*h - 300. Calculate the highest common divisor of 8 and y.
8
Suppose -6*a = -2*a + 16. Let g be -2 - 22/(-5 - a). What is the highest common divisor of 140 and g?
20
Let r(f) = 17*f + 2. Suppose 0*w = -2*w + 2, 3*l = -4*w + 16. Let j be r(l). Let d(u) = -7*u + 28. Let o be d(0). What is the highest common divisor of j and o?
14
Suppose -3*i + 6*s - 2*s = -50, -i + 4*s = -6. Calculate the greatest common divisor of i and 176.
22
Suppose 12 = -b - b. Let j be (-1 + 7)/(b/(-4)). Suppose 17 = -2*y - 3*q + 66, -175 = -5*y + 3*q. What is the highest common divisor of j and y?
4
Let g be ((-165)/(-9))/(8/24). Calculate the greatest common divisor of g and 11.
11
Suppose -4*l - 2*d = -68, 4*l - 72 + 18 = 5*d. Calculate the greatest common divisor of l and 48.
16
Let l = -9 - -27. Let p be (3 - 9) + 3 + l. What is the highest common factor of p and 120?
15
Suppose 0 = -18*h + 13*h + 25. Calculate the greatest common divisor of 55 and h.
5
Suppose -5*m = -33 + 13. Let x = 6 + -3. Suppose 2*d = -x*g + 12, -m*d + 11 - 1 = -g. Calculate the highest common divisor of g and 3.
1
Suppose 288 = -0*o + 4*o. What is the greatest common divisor of o and 48?
24
Suppose -4*q + 36 = -0*q. Calculate the highest common divisor of q and 99.
9
Suppose 6*b = b - 10. Let c be b/2 + 10 + 3. What is the greatest common factor of c and 84?
12
Let o(q) = 1 + 2*q - 3*q + 3. Let a be o(-5). Calculate the highest common divisor of a and 81.
9
Suppose 2*o - 4*o = -u - 81, 4*u = 4*o - 156. What is the highest common factor of o and 6?
6
Suppose 37 = 6*p - 17. Suppose 10 = -2*t - 3*t. Let i be (2 - -36) + t/1. Calculate the highest common factor of i and p.
9
Let p be 72 + -1 + (-2)/(2/(-1)). Calculate the greatest common factor of p and 8.
8
Let p be 12 - ((-6)/(-2) - 1). Let h = p - -3. What is the greatest common divisor of 78 and h?
13
Let n = -72 + 78. What is the highest common divisor of n and 66?
6
Let b = 89 - -32. Suppose -5*g + 5 = -4*k, -k - 5 + 0 = -2*g. Suppose -u - 14 = -p, 3*p - g*p + 25 = -u. What is the greatest common factor of p and b?
11
Let w = -11 - -16. Let d(v) = v**2 + 1. Let x(i) = -7*i**2 + 5*i - 2. Let r(j) = 6*d(j) + x(j). Let z be r(w). What is the highest common factor of 44 and z?
4
Let r = 25 + -15. Calculate the greatest common factor of 10 and r.
10
Suppose 14*j - 11*j = 39. What is the highest common divisor of j and 104?
13
Let g(x) = -9*x + 9. Let v be g(-7). What is the greatest common factor of 24 and v?
24
Let u = -150 - -155. Suppose 3*j = 83 + 52. Calculate the highest common divisor of u and j.
5
Let n be (90/12)/(6/56). What is the greatest common factor of 28 and n?
14
Let n(c) be the third derivative of 0*c + 0*c**4 + 1/30*c**5 + 0 + 0*c**3 + 3*c**2. Let w be n(-4). What is the greatest common factor of w and 4?
4
Suppose 1 = -5*q + 96. What is the greatest common factor of 133 and q?
19
Let c = -16 + 58. Let s = -5 + 12. What is the highest common factor of c and s?
7
Let u be 3/(-2)*2 - -1. Let g = 3 + u. Let i be 33 + g - (-6)/3. What is the greatest common divisor of 9 and i?
9
Let s = -30 - -50. What is the greatest common factor of s and 140?
20
Let k be (-262)/(-14) - 52/(-182). Suppose 4*f = 3*t + 79, -5*f = -5*t - 92 - 8. What is the highest common factor of f and k?
19
Let r be 22/5 - (-2)/(-5). Suppose 0*z + r*m - 176 = -z, 5*m = -4*z + 715. Suppose 3*n = -2*n + z. Calculate the highest common factor of 12 and n.
12
Let p = -3 + 5. Suppose -3*x - 27 = -p*x. Let i be (-1209)/x + (-4)/(-18). What is the highest common factor of i and 9?
9
Let z = -16 + 26. Calculate the greatest common factor of z and 50.
10
Let x be (-2)/(-8) - (-6)/(-24). Suppose 0 = -3*h - x*h + 24. What is the greatest common divisor of h and 40?
8
Let r be ((-135)/(-6))/(-5)*-2. Suppose -5*n = -5, -3*d + 3 - 1 = -4*n. Suppose -4 - d = -2*j. Calculate the highest common divisor of j and